
-13507762
What is 192524 (base 10) in base 2?
101111000000001100
What is -201112010221 (base 3) in base 8?
-1356441
Convert 8301 (base 15) to base 11.
19880
1a7a69 (base 13) to base 5
133032214
Convert -100011000110100011 (base 2) to base 7.
-1136116
Convert -884890 (base 11) to base 4.
-11120231113
Convert -1222202012 (base 3) to base 13.
-14ab0
Convert -21011440 (base 6) to base 10.
-608208
-24e55 (base 15) to base 10
-117980
11220300321 (base 4) to base 14
2a6733
Convert -1069666 (base 13) to base 5.
-2241102141
-21d95 (base 16) to base 12
-68299
-22221022011 (base 3) to base 5
-21112114
Convert -18e84 (base 16) to base 7.
-603302
Convert -110001001101110010011000 (base 2) to base 13.
-2899453
-a55750 (base 12) to base 3
-11220011212120
-90c1b (base 13) to base 12
-105b39
-101000001111110010 (base 2) to base 7
-1254420
What is -3003302312 (base 4) in base 16?
-c3cb6
6881730 (base 10) to base 8
32200702
Convert 139a57 (base 11) to base 10.
218225
What is -3637015 (base 9) in base 5?
-1001122132
-11025233 (base 6) to base 14
-8856d
a60704 (base 12) to base 13
7068c7
-21532403 (base 6) to base 5
-131244000
Convert 12288845 (base 9) to base 3.
102022222221112
What is -167514 (base 8) in base 3?
-10010000220
2137a (base 13) to base 12
2a81b
1736214 (base 8) to base 16
7bc8c
What is -322265 (base 10) in base 9?
-541052
Convert 7283721 (base 10) to base 6.
420040533
What is -2301017 (base 8) in base 9?
-1148674
-30321230132 (base 4) to base 16
-339b1e
What is -38831 (base 12) in base 9?
-126831
-38b073 (base 12) to base 14
-1a3663
-76976 (base 11) to base 3
-12200011000
Convert 212220210210110 (base 3) to base 11.
71a230a
20697b7 (base 12) to base 15
80b43d
1410440040 (base 5) to base 12
12604aa
What is -4d217d (base 16) in base 9?
-10453844
Convert -23b68b (base 16) to base 10.
-2340491
What is -258851 (base 9) in base 11?
-a8308
52a628 (base 16) to base 6
312032200
What is -4361b (base 12) in base 6?
-1524035
-1254122 (base 6) to base 10
-69602
161845 (base 10) to base 7
1242565
Convert 46afa7 (base 16) to base 5.
2141214422
What is 308402 (base 12) in base 8?
2716102
4274100 (base 8) to base 12
472680
-9b7585 (base 15) to base 3
-111221210000022
Convert -15122968 (base 10) to base 11.
-859a123
2b8827 (base 12) to base 4
2310312133
Convert 1223406 (base 7) to base 13.
56799
728345 (base 12) to base 14
34b165
Convert 6a495 (base 12) to base 5.
14024020
-102101030 (base 4) to base 7
-431105
Convert bb0a93 (base 12) to base 8.
13242417
What is dd5e (base 15) in base 2?
1011011100101001
What is -38ca5c (base 15) in base 16?
-29984a
Convert -2020010010212 (base 3) to base 11.
-739011
What is -26702d (base 14) in base 16?
-143951
What is -37508 (base 11) in base 4?
-31021131
-23b20a (base 12) to base 2
-10001101011001101010
106b4a5 (base 12) to base 14
5b69d3
-100011000011101110011 (base 2) to base 6
-40342243
Convert -1222357 (base 11) to base 8.
-10070320
1001011001010000100000 (base 2) to base 4
21121100200
What is 3957104 (base 10) in base 5?
2003111404
Convert 16b57 (base 16) to base 14.
25c7d
-88367 (base 9) to base 12
-29b14
-10086a (base 11) to base 4
-213210233
Convert -25703 (base 9) to base 4.
-10032321
-113110130 (base 4) to base 12
-47338
Convert -640bc (base 13) to base 7.
-1350453
What is 40403 (base 8) in base 14?
60cb
What is -201110011010210 (base 3) in base 11?
-5920043
3ac829 (base 15) to base 14
538202
Convert -5343436 (base 9) to base 11.
-1686135
What is 2b16d (base 15) in base 9?
231234
Convert -30113101 (base 4) to base 14.
-14653
What is -206525 (base 8) in base 4?
-100311111
What is -135d (base 15) in base 3?
-12200021
What is -1c8 (base 14) in base 16?
-174
Convert -1b53b (base 14) to base 4.
-101000001
-1b103 (base 14) to base 4
-100302333
What is 12065 (base 13) in base 2?
1000000100001110
Convert 18014c (base 13) to base 15.
bcbae
18365 (base 14) to base 6
1150341
Convert 312d5 (base 14) to base 16.
1cf2b
-799c (base 15) to base 8
-62305
What is 21355b5 (base 13) in base 8?
46472514
Convert 121121210202000 (base 3) to base 5.
4230140313
What is -10c9c (base 13) in base 6?
-354114
Convert 11000100011000011101 (base 2) to base 10.
804381
Convert 3180a97 (base 12) to base 9.
18567017
12022554 (base 7) to base 13
2b3764
10c347 (base 14) to base 10
571403
What is -1b5a37 (base 12) in base 4?
-1312322023
Convert 21202313 (base 4) to base 7.
221660
1617433 (base 10) to base 11
a05224
What is -11207361 (base 9) in base 12?
-19a2b31
What is 89b7 (base 13) in base 7?
110054
-86a92 (base 12) to base 11
-111652
What is 13124323 (base 5) in base 2?
11111101110101011
-2684574 (base 9) to base 14
-2a4b80
Convert 1be0bb (base 15) to base 12.
5591b8
What is -2515205 (base 6) in base 12?
-65b05
Convert -100111101010001010001001 (base 2) to base 14.
-1548a49
-125840 (base 9) to base 10
-76500
What is 14123486 (base 10) in base 11?
7a77203
-12124120 (base 9) to base 15
-7be5ac
26b017 (base 14) to base 8
5062035
What is 5132303 (base 6) in base 9?
413663
Convert 7705433 (base 8) to base 7.
23366621
Convert 18582 (base 13) to base 12.
23300
Convert 5540aa (base 12) to base 14.
273a94
Convert -10863 (base 14) to base 3.
-2000222010
What is -1100100000110001 (base 2) in base 14?
-14969
What is -b3629 (base 14) in base 11?
-275647
-315395 (base 15) to base 12
-951a88
70661 (base 9) to base 15
db7d
What is -102211100212 (base 3) in base 8?
-706561
What is -19268 (base 10) in base 4?
-10231010
Convert 71807 (base 9) to base 12.
23467
What is -351155422 (base 6) in base 11?
-3740068
Convert 226303 (base 7) to base 6.
512024
-54925d (base 14) to base 6
-141245323
What is -106de2 (base 15) in base 2?
-10111111000110101010
1221121210220 (base 3) to base 9
1847726
-110312320222 (base 4) to base 8
-24667052
Convert -108016 (base 15) to base 7.
-6453462
Convert -10454 (base 10) to base 5.
-313304
Convert -241123105 (base 6) to base 14.
-861453
Convert -1d88b5 (base 15) to base 4.
-11201021012
Convert 276c2 (base 16) to base 12.
79542
What is -12111221012 (base 3) in base 8?
-324034
133313 (base 4) to base 13
c0b
What is 113450421 (base 6) in base 8?
10116255
Convert -2573b8 (base 16) to base 13.
-67c254
Convert -b46aa (base 14) to base 15.
-88cbd
What is 3d754 (base 14) in base 8?
451456
240414 (base 8) to base 5
10112223
152050433 (base 7) to base 6
1001042155
1aacd7 (base 14) to base 10
951965
-217aa80 (base 11) to base 12
-1343470
20231400 (base 5) to base 6
3310012
What is 151111 (base 7) in base 11?
1aa47
Convert -10a6548 (base 12) to base 8.
-14162610
6457647 (base 8) to base 5
420302143
What is -7490a9 (base 11) in base 7?
-13116524
-410326 (base 8) to base 16
-210d6
-769a5 (base 15) to base 16
-5bfe5
What is 35758a (base 14) in base 15?
260ee2
Convert -1302432 (base 5) to base 8.
-61427
Convert e57b3 (base 16) to base 12.
393b57
Convert 1300387 (base 10) to base 13.
366b7a
What is c2393 (base 13) in base 5?
42112003
-31345520 (base 8) to base 12
-2298780
Convert -1304513 (base 6) to base 14.
-1bc61
What is -3515348 (base 10) in base 4?
-31122033110
1452320 (base 12) to base 2
1111100110010001001000
Convert 79a21 (base 15) to base 6.
12143451
-11022121011110 (base 3) to base 15
-30500c
What is -10010110100100111 (base 2) in base 6?
-1352531
Convert 44703 (base 13) to base 5.
12433333
Convert 113313203110 (base 4) to base 7.
104116360
-34530330 (base 6) to base 5
-233204301
What is -351357 (base 8) in base 12?
-59213
Convert 2011012100000 (base 3) to base 4.
10113222132
13032212 (base 5) to base 13
45b73
Convert -290a6 (base 14) to base 16.
-18d2a
Convert 5140002 (base 8) to base 4.
11030000002
What is -3331140 (base 7) in base 9?
-685686
What is -2820844 (base 11) in base 4?
-102202332010
What is 4143664 (base 11) in base 14?
d84332
-35859 (base 10) to base 3
-1211012010
-4100310 (base 5) to base 3
-10100010112
What is 2033344 (base 6) in base 13?
357a3
-110652315 (base 7) to base 5
-3203431121
Convert 21202220101 (base 3) to base 16.
255bb
What is -438554 (base 14) in base 3?
-11022022200011
Convert -10110101111001011 (base 2) to base 13.
-3350c
Convert 101100001100101010100110 (base 2) to base 13.
2528863
-103640 (base 10) to base 7
-611105
What is -511fe (base 16) in base 11?
-207719
Convert -84033 (base 12) to base 2.
-101010001100100111